{"id":1176,"date":"2018-03-22T10:47:22","date_gmt":"2018-03-22T13:47:22","guid":{"rendered":"http:\/\/aladaa.com.ar\/asiayafrica\/?page_id=1176"},"modified":"2018-03-22T14:00:50","modified_gmt":"2018-03-22T17:00:50","slug":"publicaciones-2","status":"publish","type":"page","link":"http:\/\/aladaa.com.ar\/asiayafrica\/publicaciones-2\/","title":{"rendered":"Publicaciones"},"content":{"rendered":"<p><a href=\"http:\/\/aladaa.com.ar\/asiayafrica\/?page_id=1086\">Boletines de ALADAA Argentina<\/a><\/p>\n","protected":false},"excerpt":{"rendered":"<p>Boletines de ALADAA Argentina<\/p>\n","protected":false},"author":1,"featured_media":0,"parent":0,"menu_order":0,"comment_status":"closed","ping_status":"closed","template":"sidebar-page.php","meta":{"footnotes":""},"class_list":["post-1176","page","type-page","status-publish","hentry"],"jetpack_sharing_enabled":true,"jetpack_shortlink":"https:\/\/wp.me\/P9LsG3-iY","jetpack_likes_enabled":true,"jetpack-related-posts":[{"id":1086,"url":"http:\/\/aladaa.com.ar\/asiayafrica\/publicaciones\/","url_meta":{"origin":1176,"position":0},"title":"Boletines","author":"AladaaAr","date":"20\/03\/2018","format":false,"excerpt":"Boletines de ALADAA Argentina Las relaciones de Corea del Sur y Jap\u00f3n en el contexto internacional Rodolfo Molina, Septiembre 2012 El impacto del terrorismo y otras formas de violencia en el turismo internacional del Siglo XXI. El caso de Argentina Norberto M\u00e9ndez, Julio 2012 Les personnages f\u00e9minins de Sembene Oussmane\u2026","rel":"","context":"Entrada similar ","block_context":{"text":"Entrada similar ","link":""},"img":{"alt_text":"","src":"","width":0,"height":0},"classes":[]},{"id":1158,"url":"http:\/\/aladaa.com.ar\/asiayafrica\/congresos-nacionales\/","url_meta":{"origin":1176,"position":1},"title":"Congresos Nacionales","author":"AladaaAr","date":"22\/03\/2018","format":false,"excerpt":"Congreso Nacional de ALADAA, Secci\u00f3n Argentina, 2017 Programa y mesas Congreso Nacional de ALADAA, Secci\u00f3n Argentina, 2014 Programa y Mesas Congreso Nacional de ALADAA, Secci\u00f3n Argentina, 2012 Tercera Circular Congreso Nacional de ALADAA, Secci\u00f3n Argentina, 2010 Programa y Ponencias Congreso Nacional de ALADAA, Secci\u00f3n Argentina, 2008 Programa y ponencias Congreso\u2026","rel":"","context":"Entrada similar ","block_context":{"text":"Entrada similar ","link":""},"img":{"alt_text":"","src":"","width":0,"height":0},"classes":[]},{"id":1088,"url":"http:\/\/aladaa.com.ar\/asiayafrica\/coleccion-aladaa\/","url_meta":{"origin":1176,"position":2},"title":"Colecci\u00f3n ALADAA","author":"AladaaAr","date":"20\/03\/2018","format":false,"excerpt":"La presente colecci\u00f3n es la Colecci\u00f3n Cient\u00edfica de la Secci\u00f3n Argentina de ALADAA, que incluye la publicaci\u00f3n de Actas de eventos acad\u00e9micos (congresos, jornadas, etc.) desarrollados en el marco de ALADAA y otros textos producidos en su \u00e1mbito. Su ISSN es: 2346-8602 y se inici\u00f3 en 2013. Las Directoras de\u2026","rel":"","context":"Entrada similar ","block_context":{"text":"Entrada similar ","link":""},"img":{"alt_text":"","src":"","width":0,"height":0},"classes":[]},{"id":1154,"url":"http:\/\/aladaa.com.ar\/asiayafrica\/documentacion-legal\/","url_meta":{"origin":1176,"position":3},"title":"Documentaci\u00f3n Legal","author":"AladaaAr","date":"22\/03\/2018","format":false,"excerpt":"Estatuto de ALADAA Secci\u00f3n Argentina (PDF) Personer\u00eda Jur\u00eddica de ALADAA Argentina (PDF) http:\/\/aladaa.com.ar\/asiayafrica\/?page_id=1097","rel":"","context":"Entrada similar ","block_context":{"text":"Entrada similar ","link":""},"img":{"alt_text":"","src":"","width":0,"height":0},"classes":[]},{"id":1080,"url":"http:\/\/aladaa.com.ar\/asiayafrica\/institucional\/","url_meta":{"origin":1176,"position":4},"title":"Institucional","author":"AladaaAr","date":"20\/03\/2018","format":false,"excerpt":"La Asociaci\u00f3n Latinoamericana de Estudios de Asia y \u00c1frica (ALADAA) fue creada en 1976, al celebrarse el XXX Congreso Internacional de Ciencias Humanas de Asia y \u00c1frica del Norte, que tuvo sede en el Centro de Estudios de Asia y \u00c1frica (CEAA) de El Colegio de M\u00e9xico.Su Sede Argentina, sigue\u2026","rel":"","context":"Entrada similar ","block_context":{"text":"Entrada similar ","link":""},"img":{"alt_text":"","src":"","width":0,"height":0},"classes":[]},{"id":1159,"url":"http:\/\/aladaa.com.ar\/asiayafrica\/congresos-internacionales\/","url_meta":{"origin":1176,"position":5},"title":"Congresos Internacionales","author":"AladaaAr","date":"22\/03\/2018","format":false,"excerpt":"XVI Congreso Internacional de ALADAA, Per\u00fa - 1 al 4 de agosto de 2018 (Sitio externo) XV Congreso Internacional de ALADAA, Chile - 11 al 14 de enero de 2016 (Sitio externo) XIV Congreso Internacional de ALADAA. Argentina\u00a0 - 13-17 de agosto, 2013 (PDF)","rel":"","context":"Entrada similar ","block_context":{"text":"Entrada similar ","link":""},"img":{"alt_text":"","src":"","width":0,"height":0},"classes":[]}],"_links":{"self":[{"href":"http:\/\/aladaa.com.ar\/asiayafrica\/wp-json\/wp\/v2\/pages\/1176","targetHints":{"allow":["GET"]}}],"collection":[{"href":"http:\/\/aladaa.com.ar\/asiayafrica\/wp-json\/wp\/v2\/pages"}],"about":[{"href":"http:\/\/aladaa.com.ar\/asiayafrica\/wp-json\/wp\/v2\/types\/page"}],"author":[{"embeddable":true,"href":"http:\/\/aladaa.com.ar\/asiayafrica\/wp-json\/wp\/v2\/users\/1"}],"replies":[{"embeddable":true,"href":"http:\/\/aladaa.com.ar\/asiayafrica\/wp-json\/wp\/v2\/comments?post=1176"}],"version-history":[{"count":1,"href":"http:\/\/aladaa.com.ar\/asiayafrica\/wp-json\/wp\/v2\/pages\/1176\/revisions"}],"predecessor-version":[{"id":1177,"href":"http:\/\/aladaa.com.ar\/asiayafrica\/wp-json\/wp\/v2\/pages\/1176\/revisions\/1177"}],"wp:attachment":[{"href":"http:\/\/aladaa.com.ar\/asiayafrica\/wp-json\/wp\/v2\/media?parent=1176"}],"curies":[{"name":"wp","href":"https:\/\/api.w.org\/{rel}","templated":true}]}}